hat is the greatest common divisor of 4 and z?
4
Suppose 119*u - 599 - 43 = -47. Let h = 1 + 1. What is the highest common factor of u and h?
1
Suppose 0 = -2*g + 21*g - 228. Let p(i) = -33*i + 6. Let x be p(-6). What is the highest common divisor of x and g?
12
Let x be 32 - (8 + -26)/(-3). Suppose -3*l - 91 = -403. Calculate the highest common divisor of x and l.
26
Suppose -2*q = 2 - 22. Let u(z) = z**3 - 9*z**2 - 6*z - 18. Let v be u(q). What is the greatest common divisor of v and 66?
22
Let p(t) = -t + 5. Let s be p(3). Suppose s*r = 39 + 9. Let n = r + -13. What is the highest common divisor of 33 and n?
11
Suppose 0 = -3*y - 0*y + 126. Suppose -97 = -5*d - 27. What is the highest common divisor of y and d?
14
Let l be -2*(-116)/40*5. Let z be (-3)/(-1) - (-23 + -90). Calculate the highest common factor of l and z.
29
Let c(q) = 3*q**2 - q + 3. Let j be c(3). Suppose -3*t - 69 = -3*o, 3*t = o + 6*t - 3. Calculate the greatest common factor of j and o.
9
Suppose 31 - 45 = -l. Calculate the highest common divisor of 1 and l.
1
Suppose -3*r + 8 = 128. Let p = r - -160. Let b = -34 + 58. Calculate the greatest common divisor of p and b.
24
Suppose -9*c - 13*c + 1320 = 0. Calculate the highest common divisor of c and 260.
20
Let p = 543 - 391. What is the greatest common divisor of p and 19?
19
Let a be (-2)/(-2)*6*20. Let z(t) = 13 + 2*t - 4*t**3 + 3*t**3 + 11. Let s be z(0). Calculate the highest common factor of s and a.
24
Let j(z) = -z**3 - 8*z**2 + 20*z + 62. Let c be j(-10). What is the greatest common divisor of c and 775?
31
Let v be 1052/10 - (-2)/(-10). Suppose 120 = 7*u + u. Calculate the highest common factor of u and v.
15
Let l = -40 + 293. Let g(d) = 23*d**2 - 4*d + 1. Let u(j) = -j. Let b(z) = g(z) - 3*u(z). Let n be b(1). Calculate the highest common factor of n and l.
23
Suppose 0 = -0*v + 4*v - 40. Let f = 4 - 0. Suppose -2*s = -5*d + 10, -3*d - f*s + 6 = -0*s. Calculate the greatest common divisor of v and d.
2
Let l = -230 + 266. Calculate the highest common divisor of 27 and l.
9
Let o be 1360/(-36) + ((-56)/(-36))/(-7). Let g = -8 - o. Calculate the highest common divisor of g and 330.
30
Suppose 4*d + d = -30. Let u be -7*2*3/d. Calculate the greatest common factor of u and 77.
7
Let w(i) = i**2 + 2*i - 3. Let y be w(2). Let d be -1 + 3 - (-8)/(-4). Let t = d + y. Calculate the greatest common factor of 5 and t.
5
Suppose 35 = 5*r - 4*c, r = -0*r - 3*c - 12. Suppose 5*q - v = 40, -r*q + 24 = -0*v + 5*v. What is the highest common factor of 8 and q?
8
Suppose 0 = -4*z + 10*z - 48. Suppose -5*c + z = -4*y - 62, -5*c + 2*y = -60. Calculate the greatest common factor of 70 and c.
10
Suppose -5*l = -10, 3*c = 66*l - 63*l + 4668. Calculate the highest common divisor of c and 38.
38
Let u be (-6)/(-8) - (-40)/32. Suppose -l + 4*l - 30 = 0. What is the greatest common factor of u and l?
2
Suppose 0 = 3*t - j - 220, -11 = -5*t + j + 359. Calculate the highest common divisor of t and 9.
3
Suppose -2464 = -26*g + 2112. Calculate the highest common factor of 110 and g.
22
Let c = 62 + -42. Suppose -32 = -7*s + 3*s. Calculate the greatest common divisor of s and c.
4
Let p be 19 + ((-3)/(-2) - 2)*2. Suppose 0 = 2*a - 8 - p. What is the highest common factor of 169 and a?
13
Let d be 15 + -3 + 5 + 0. Suppose d*i = 12*i - 25. Let r be 8/10 + (-1)/i. What is the greatest common factor of 11 and r?
1
Let h = -448 + 310. Let o be 2/(h/70 + 2). Suppose 0 = -4*k - 14*k + 252. Calculate the highest common divisor of k and o.
14
Let k(o) = -o**3 + 17*o**2 - 17*o + 36. Let b be k(16). Calculate the greatest common divisor of 2540 and b.
20
Suppose 2*r - 6*r + 80 = 0. Let p(q) = -q**3 + 5*q**2 - 12*q + 113. Let u be p(6). What is the greatest common factor of u and r?
5
Let p(r) = 2*r**2 - 6*r - 45. Let y be p(-20). Suppose -y = -13*z + 8*z. Calculate the highest common factor of 7 and z.
7
Suppose 3*q - 13 = -5*o, 12 = o - 4*q - 9. Calculate the highest common divisor of o and 15.
5
Let o be ((-18)/15)/(3/2205). Let p be o/(-105) + (-3)/(-5). Calculate the highest common factor of 63 and p.
9
Let h = 369 + -253. Let g = -23 + h. Calculate the highest common factor of g and 31.
31
Suppose -q + 5 = n - 5, -3*q = -4*n + 19. Suppose 82 + 23 = n*x. What is the highest common divisor of 105 and x?
15
Suppose -2*a + 177 = 3*w, 36*w - 41*w = 5*a - 435. What is the highest common divisor of a and 42?
42
Let d = -8 + 18. Let a = -89 + 83. Let v be a/(-10) + 1235/25. What is the highest common factor of v and d?
10
Let v be (1 - -200)*(16/6)/4. Suppose -96 = y - v. Suppose 3*s = 5*d - 110, -4*d - 5*s - 5 = -56. Calculate the greatest common divisor of y and d.
19
Suppose -4*m - 51 = 57. Let u be m/(-5) - (-8)/(-20). Suppose u*o + 0*d - 38 = 3*d, -2*o - 3*d + 11 = 0. Calculate the highest common divisor of o and 56.
7
Let w = -572 - -632. Calculate the highest common factor of w and 380.
20
Let n = -10 - -19. Let l = 5312 + -5306. Calculate the highest common divisor of l and n.
3
Let w be ((-16)/10)/(-4)*55. Suppose -p + 30 = -3*y, -38 = -5*p - 4*y + 36. Let f be (66/p)/(1/3). Calculate the highest common divisor of w and f.
11
Suppose -35 = -21*w + 14*w. Calculate the highest common divisor of w and 575.
5
Let x be 18/3 - 6/(-2). Suppose p - s - 41 = 0, -7*p - 3*s - 80 = -x*p. What is the greatest common divisor of p and 344?
43
Let i = -106 + 54. Let k be 1/(-2)*1 + (-650)/i. Calculate the greatest common factor of k and 6.
6
Let o(h) = h**3 + 5*h**2 + 4*h + 4. Let l be o(-4). Suppose 4 = y - l. What is the highest common factor of 8 and y?
8
Let z(h) = -3*h - 9. Let g be z(-5). Let i be (-264)/(-18) - (-2)/g. Let a be 126/2*20/i. Calculate the greatest common factor of 14 and a.
14
Let q = -42 - -118. Calculate the greatest common divisor of q and 190.
38
Suppose 16*s - 9 = 17*s. Let p be 33/(-11) + (2 - s). Let j = -116 + 172. Calculate the greatest common divisor of p and j.
8
Suppose -3*j + 5*j + 42 = 0. Let d = j - -29. Let v be (1*-2)/(5/(-80)). What is the highest common factor of d and v?
8
Let j = 42 + -1. Suppose -11 = 3*z - j. Suppose 2*b + 2*x + z = 28, -b - 21 = -5*x. Calculate the greatest common divisor of 16 and b.
4
Let u be 2 - 2 - 1*-106. Suppose 66 = 2*l - 5*l. Let k = u + l. What is the highest common factor of 21 and k?
21
Suppose 3*g + z = -2*z + 354, 0 = -2*g + 2*z + 228. Let q = -82 + g. Calculate the highest common factor of 85 and q.
17
Let l be (18/5)/((-94)/20 - -5). Let a = 12 + 32. Suppose 0 = -l*o + 10*o + a. Calculate the greatest common factor of 198 and o.
22
Let l = 265 - 233. Calculate the greatest common factor of l and 608.
32
Suppose -6*d - 136 = -148. What is the highest common divisor of 54 and d?
2
Let p = -1 + 3. Suppose z - 10 = t - p*z, 5*t = -z + 14. Let l be (t/(-4))/((-3)/480). What is the highest common divisor of 16 and l?
16
Let i(r) be the third derivative of -r**6/120 + 3*r**5/20 + 7*r**4/24 + 7*r**3 + 3*r**2. Let y be i(10). What is the highest common divisor of y and 18?
6
Suppose -2 = 2*n, -92*h = -97*h - n + 89. What is the greatest common factor of h and 2016?
18
Suppose -i + 5*u = u - 26, 64 = 2*i - 5*u. Suppose 3*g - i = -0*g. Calculate the greatest common factor of g and 98.
14
Suppose 360 + 112 = 4*m. Let a = m + -41. Let s(o) = 2*o - 5. Let r be s(6). Calculate the greatest common factor of r and a.
7
Let i be 2/24*2 + (-2275)/(-30). Suppose 4*x = 48 + i. Suppose 3*h = -h + 620. Calculate the highest common divisor of h and x.
31
Let p be 1/5 - 374/(-5). Let k(y) = -4*y**2 + 3*y - 2. Let m be k(1). Let g be (-36)/(-2) + (1 - (7 + m)). What is the greatest common factor of g and p?
15
Let i = 2 - 0. Suppose 0 + 4 = -i*q. Let c = q - -11. Calculate the highest common factor of 1 and c.
1
Suppose -5*v - j + 133 = 0, -v + 4*j + 28 + 7 = 0. Calculate the greatest common factor of 24 and v.
3
Let d = -95 - -62. Let w = d - -54. What is the greatest common factor of 3 and w?
3
Let x be ((-12)/(-10))/(12/60). Let h be 209 - (10/x + (-20)/30). Calculate the greatest common factor of h and 16.
16
Let q(s) = s**3 - 11*s**2 + 12*s + 4. Let d be q(11). Let a = d - 120. Calculate the highest common factor of a and 80.
16
Suppose -3*y = 4*o - 532, 4*o = -37*y + 33*y + 712. What is the greatest c